 highest common factor of 4018 and 98?
98
Calculate the highest common divisor of 252 and 108.
36
What is the highest common divisor of 43 and 688?
43
What is the highest common divisor of 646 and 76?
38
Calculate the highest common factor of 737 and 99.
11
Calculate the highest common divisor of 16 and 76.
4
Calculate the greatest common factor of 10 and 265.
5
What is the greatest common divisor of 160 and 980?
20
Calculate the greatest common divisor of 3 and 17.
1
What is the greatest common factor of 133 and 209?
19
Calculate the greatest common divisor of 612 and 9.
9
Calculate the greatest common factor of 4 and 716.
4
Calculate the highest common factor of 825 and 308.
11
Calculate the highest common factor of 526 and 42.
2
What is the greatest common divisor of 9713 and 55?
11
Calculate the highest common factor of 1280 and 3328.
256
Calculate the highest common factor of 754 and 2494.
58
What is the highest common factor of 209 and 11?
11
Calculate the greatest common divisor of 86 and 129.
43
What is the greatest common factor of 27 and 1323?
27
Calculate the greatest common factor of 192 and 2496.
192
Calculate the highest common divisor of 2672 and 64.
16
Calculate the greatest common divisor of 90 and 3510.
90
Calculate the greatest common factor of 1419 and 33.
33
Calculate the greatest common factor of 441 and 12642.
147
What is the highest common divisor of 26 and 50?
2
What is the greatest common factor of 9 and 144?
9
Calculate the greatest common factor of 6075 and 15.
15
What is the highest common factor of 3965 and 61?
61
What is the greatest common factor of 308 and 176?
44
What is the greatest common factor of 190 and 31730?
190
Calculate the greatest common divisor of 351 and 182.
13
Calculate the highest common factor of 12 and 2682.
6
What is the highest common factor of 4708 and 55?
11
What is the greatest common factor of 247 and 689?
13
What is the greatest common factor of 209 and 66?
11
Calculate the highest common factor of 40368 and 48.
48
Calculate the greatest common divisor of 1906 and 6.
2
What is the highest common divisor of 999 and 222?
111
Calculate the highest common divisor of 182 and 858.
26
What is the highest common divisor of 1056 and 36?
12
Calculate the highest common divisor of 14498 and 66.
22
What is the highest common divisor of 12255 and 285?
285
What is the highest common divisor of 76 and 16?
4
Calculate the greatest common divisor of 2 and 166.
2
What is the highest common divisor of 5 and 115?
5
Calculate the greatest common divisor of 678 and 36.
6
Calculate the highest common divisor of 92 and 207.
23
What is the greatest common divisor of 198 and 44?
22
Calculate the highest common divisor of 176 and 110.
22
Calculate the highest common factor of 10 and 10.
10
Calculate the greatest common divisor of 400 and 450.
50
What is the highest common factor of 84 and 3402?
42
What is the greatest common divisor of 130 and 2275?
65
Calculate the greatest common divisor of 27 and 4167.
9
What is the greatest common divisor of 935 and 165?
55
What is the greatest common factor of 848 and 12932?
212
Calculate the highest common divisor of 11 and 1.
1
What is the greatest common divisor of 42 and 70?
14
Calculate the highest common factor of 1245 and 90.
15
Calculate the greatest common divisor of 9 and 9.
9
What is the greatest common factor of 64 and 160?
32
What is the highest common factor of 1828 and 64?
4
Calculate the highest common factor of 1631 and 7.
7
Calculate the highest common factor of 1596 and 312.
12
What is the greatest common factor of 6 and 8926?
2
Calculate the highest common factor of 13 and 299.
13
Calculate the highest common factor of 107 and 1712.
107
What is the highest common divisor of 189 and 21?
21
Calculate the highest common factor of 60 and 780.
60
Calculate the highest common factor of 60 and 354.
6
What is the highest common factor of 360 and 576?
72
What is the greatest common factor of 5 and 12?
1
What is the highest common factor of 3484 and 52?
52
Calculate the highest common factor of 280 and 480.
40
What is the highest common divisor of 2938 and 26?
26
What is the greatest common divisor of 228 and 16?
4
What is the greatest common divisor of 1330 and 190?
190
What is the greatest common divisor of 28 and 119?
7
Calculate the highest common factor of 814 and 88.
22
What is the greatest common divisor of 864 and 324?
108
What is the greatest common factor of 132 and 2156?
44
What is the highest common divisor of 860 and 180?
20
Calculate the greatest common factor of 192 and 60.
12
Calculate the highest common factor of 1104 and 192.
48
Calculate the highest common factor of 100 and 2250.
50
What is the highest common divisor of 318 and 1060?
106
What is the greatest common divisor of 117 and 99?
9
Calculate the greatest common divisor of 122 and 15250.
122
What is the highest common divisor of 3395 and 105?
35
What is the greatest common factor of 9 and 81?
9
What is the greatest common factor of 55 and 2299?
11
What is the highest common divisor of 3339 and 126?
63
What is the highest common factor of 4 and 1996?
4
Calculate the greatest common factor of 830 and 20.
10
Calculate the highest common factor of 612 and 2601.
153
Calculate the greatest common divisor of 243 and 15471.
81
What is the highest common factor of 54 and 6?
6
What is the greatest common divisor of 1558 and 76?
38
What is the greatest common factor of 9 and 60?
3
What is the highest common factor of 1032 and 215?
43
Calculate the greatest common factor of 18 and 522.
18
Calculate the highest common divisor of 16 and 8.
8
Calculate the highest common divisor of 18 and 5166.
18
What is the greatest common factor of 1290 and 30?
30
What is the highest common factor of 74 and 259?
37
What is the highest common factor of 345 and 184?
23
Calculate the highest common divisor of 312 and 572.
52
Calculate the highest common factor of 462 and 4026.
66
Calculate the highest common factor of 1391 and 26.
13
Calculate the greatest common divisor of 1512 and 32.
8
What is the greatest common divisor of 992 and 527?
31
Calculate the highest common divisor of 66 and 77.
11
What is the highest common factor of 41 and 697?
41
Calculate the highest common factor of 3372 and 24.
12
Calculate the highest common divisor of 285 and 57.
57
What is the highest common divisor of 1239 and 42?
21
What is the greatest common divisor of 18 and 19098?
18
Calculate the greatest common divisor of 4 and 52.
4
What is the greatest common factor of 48 and 13648?
16
What is the greatest common factor of 4543 and 539?
77
Calculate the greatest common factor of 196 and 6076.
196
Calculate the greatest common factor of 9158 and 38.
38
What is the greatest common divisor of 425 and 68?
17
Calculate the highest common divisor of 21 and 6.
3
Calculate the greatest common factor of 51 and 544.
17
What is the greatest common divisor of 4170 and 60?
30
What is the greatest common divisor of 1 and 6053?
1
What is the greatest common divisor of 209 and 19?
19
Calculate the greatest common factor of 12 and 270.
6
What is the highest common divisor of 84 and 224?
28
What is the greatest common factor of 64 and 28?
4
Calculate the highest common divisor of 4260 and 60.
60
Calculate the greatest common factor of 31830 and 15.
15
What is the greatest common factor of 8904 and 18?
6
What is the greatest common factor of 133 and 2451?
19
What is the highest common factor of 62 and 279?
31
What is the greatest common divisor of 483 and 1311?
69
What is the highest common divisor of 25557 and 21?
21
Calculate the greatest common factor of 235 and 94.
47
Calculate the greatest common factor of 165 and 440.
55
Calculate the greatest common divisor of 490 and 10.
10
Calculate the highest common factor of 3180 and 270.
30
What is the greatest common factor of 21204 and 36?
36
Calculate the greatest common divisor of 627 and 114.
57
Calculate the highest common factor of 16 and 100.
4
What is the highest common divisor of 544 and 34?
34
What is the greatest common divisor of 1704 and 16?
8
Calculate the highest common divisor of 22 and 1188.
22
Calculate the highest common divisor of 24 and 632.
8
Calculate the greatest common divisor of